{"id":59,"date":"2020-09-03T00:47:21","date_gmt":"2020-09-02T22:47:21","guid":{"rendered":"http:\/\/wkontekscie.pl\/?page_id=59"},"modified":"2022-04-03T01:40:17","modified_gmt":"2022-04-02T23:40:17","slug":"psychoterapia","status":"publish","type":"page","link":"https:\/\/wkontekscie.pl\/?page_id=59","title":{"rendered":"Psychoterapia"},"content":{"rendered":"\n<p>Prowadz\u0119 psychoterapi\u0119 indywidualn\u0105 doros\u0142ych i m\u0142odzie\u017cy oraz terapi\u0119 par i rodzin<\/p>\n\n\n\n<p>Prowadz\u0119 sesje zar\u00f3wno &#8222;na \u017cywo&#8221; w gabinecie oraz online przez Skype<\/p>\n","protected":false},"excerpt":{"rendered":"<p>Prowadz\u0119 psychoterapi\u0119 indywidualn\u0105 doros\u0142ych i m\u0142odzie\u017cy oraz terapi\u0119 par i rodzin Prowadz\u0119 sesje zar\u00f3wno &#8222;na \u017cywo&#8221; w gabinecie oraz online przez Skype<\/p>\n","protected":false},"author":1,"featured_media":176,"parent":0,"menu_order":0,"comment_status":"closed","ping_status":"closed","template":"","meta":{"footnotes":""},"class_list":["post-59","page","type-page","status-publish","has-post-thumbnail","hentry"],"_links":{"self":[{"href":"https:\/\/wkontekscie.pl\/index.php?rest_route=\/wp\/v2\/pages\/59","targetHints":{"allow":["GET"]}}],"collection":[{"href":"https:\/\/wkontekscie.pl\/index.php?rest_route=\/wp\/v2\/pages"}],"about":[{"href":"https:\/\/wkontekscie.pl\/index.php?rest_route=\/wp\/v2\/types\/page"}],"author":[{"embeddable":true,"href":"https:\/\/wkontekscie.pl\/index.php?rest_route=\/wp\/v2\/users\/1"}],"replies":[{"embeddable":true,"href":"https:\/\/wkontekscie.pl\/index.php?rest_route=%2Fwp%2Fv2%2Fcomments&post=59"}],"version-history":[{"count":4,"href":"https:\/\/wkontekscie.pl\/index.php?rest_route=\/wp\/v2\/pages\/59\/revisions"}],"predecessor-version":[{"id":153,"href":"https:\/\/wkontekscie.pl\/index.php?rest_route=\/wp\/v2\/pages\/59\/revisions\/153"}],"wp:featuredmedia":[{"embeddable":true,"href":"https:\/\/wkontekscie.pl\/index.php?rest_route=\/wp\/v2\/media\/176"}],"wp:attachment":[{"href":"https:\/\/wkontekscie.pl\/index.php?rest_route=%2Fwp%2Fv2%2Fmedia&parent=59"}],"curies":[{"name":"wp","href":"https:\/\/api.w.org\/{rel}","templated":true}]}}